1?
37
Calculate the remainder when 18 is divided by 3*(-10)/6*-1.
3
Suppose 0 = 3*l, -3*h = l - 6*l + 36. Let w = -4 - h. Calculate the remainder when (-224)/(-10) + w/(-20) is divided by 8.
6
Let h(v) = v**3 - 7*v**2 + 2*v - 7. Suppose -3*k = 2*k. Let z(x) = x**2 - x + 7. Let r be z(k). Calculate the remainder when 13 is divided by h(r).
6
Let r(v) = -2*v - 4. Suppose -4*b + 0*n - n = -182, n = -5*b + 227. Calculate the remainder when b is divided by r(-8).
9
Suppose -2*j = -q - 10, -4*j - 2*q = -q - 14. Calculate the remainder when j is divided by (-132)/(-36) - (-2)/9*-3.
1
Let z = -5 - -15. Calculate the remainder when z is divided by (1/2)/((-1)/(-12)).
4
Let l(i) = 4*i + 6. Suppose 3*m + 3 = 45. What is the remainder when l(5) is divided by m?
12
Suppose 4*h = -5*x + 33, 2*h + 3*x - 18 - 1 = 0. Suppose -s - 3*b - h*b = -40, 0 = 3*s - 5*b - 40. Calculate the remainder when 58 is divided by s.
18
Suppose -2*l - 42 = 3*x - 145, -2*x + 3*l = -86. Calculate the remainder when x is divided by 19.
18
Suppose -f = -3*f - 60. What is the remainder when (f/(-8))/((-6)/(-80)) is divided by 17?
16
Let i(s) = s**2 - 2*s + 2. Let r be i(2). Suppose -3*v + m = 3*m - 2, -r*v - m = -2. Let x = v + 1. Calculate the remainder when 7 is divided by x.
1
Suppose 3*p - 2*p = -1, -3*q + p = -97. What is the remainder when q is divided by 12?
8
Let s = -17 - -34. Let p = s + -75. Calculate the remainder when 5 is divided by p/(-18) + (-4)/18.
2
Suppose 2*p = -4*x + 3*x + 45, 2*p - 65 = -5*x. Suppose 4*i - p = -i. What is the remainder when 2/5 - (-46)/10 is divided by i?
1
Let r = -3 + 5. Suppose r*a = 6*a - 24. Suppose -4*w - w + 9 = -2*x, -5*x = -4*w - 3. What is the remainder when a is divided by x?
0
Suppose -10 = 2*o - 42. Let k = 28 - 12. Let m = k + -7. Calculate the remainder when o is divided by m.
7
Let w(a) = a**2 - a - 1. Let s = 3 - 5. What is the remainder when w(s) is divided by 3*1 + (-3)/3?
1
Let n be -1*(5*-6 + 0). Suppose -n = -p - 4*p. Calculate the remainder when 33 is divided by p/(-9)*(-102)/4.
16
Suppose 2*u = -3*u. Suppose u*y + 320 = 4*y. Suppose -6*m - y = -11*m. Calculate the remainder when m is divided by 9.
7
Let r = -61 - -69. Calculate the remainder when 77 is divided by r.
5
Let c be 3/(-2)*14/21. Calculate the remainder when 13 is divided by -1 + (-1 - c*9).
6
Suppose 3*b + 43 = 5*b + 5*u, 2*u = 10. What is the remainder when b is divided by 2?
1
Let n be 8/3 - 2/3. Suppose 4 = h, -n*o + 0*o - h = -22. Calculate the remainder when o is divided by 5.
4
Let s = 33 - -7. Calculate the remainder when s is divided by 14.
12
Let g(m) = -2*m + 15. What is the remainder when g(0) is divided by 9?
6
Suppose 3*g + 2 = 17. Calculate the remainder when (-108)/45*(-30)/4 is divided by g.
3
Let v(d) = 23*d + 4. Let t be v(3). Suppose 0 = -4*l, -2*o + 2*l + 53 + t = 0. Calculate the remainder when o is divided by 22.
19
Suppose 4 = -3*f - f. Let b = 2 + f. What is the remainder when 40 is divided by b*13 - (1 + -2)?
12
Let y(z) = -z**2 + 96. Let i be y(0). Suppose 261 = 3*r + i. Calculate the remainder when r is divided by 19.
17
Suppose f - 22 = 2*l, 3*f = 6*l - 5*l + 66. Calculate the remainder when f is divided by (2/4)/(1/12).
4
Suppose 2*x + x - 108 = 0. Suppose -w = -3*w + x. Calculate the remainder when (-3 + 0)*(-34)/3 is divided by w.
16
Let j(k) = -16*k - 4. Let r be j(-3). Suppose 5*d = y - 9, -r = -0*y - 2*y - 3*d. Let x = 12 - 5. Calculate the remainder when y is divided by x.
5
Suppose 19 = 2*f - 49. Suppose 0*h = -2*h + 4. Let u = 7 + h. Calculate the remainder when f is divided by u.
7
Suppose 2*t = -1 - 3. What is the remainder when t + 3 + -3 - -8 is divided by 4?
2
Suppose -20 = -3*v - 2*v. Suppose 4*r - 20 + 4 = -v*k, 4*r - 4 = 0. What is the remainder when 3 is divided by k?
0
Suppose 4*h = -2*r - 2, 4*r + 2 + 2 = 5*h. Suppose 2*o + 3*g - 30 = 0, g + 15 = o - h*o. What is the remainder when o is divided by 8?
7
Let q be (-1 + 1)/(2 - 4). Suppose v - 19 = -q*v. Calculate the remainder when v is divided by 5.
4
Let v = -56 - -158. Calculate the remainder when v is divided by 21.
18
Calculate the remainder when (16 - 15)/((-2)/(-114)) is divided by 20.
17
Suppose 3*c - 173 = 2*y, 4*c = 4*y - 109 + 337. Calculate the remainder when c is divided by 20.
19
Let d(x) = -x**3 + 9*x**2 - 6*x - 3. Let w = 8 - 3. What is the remainder when d(w) is divided by 17?
16
Let x(r) = -r - 4. Suppose -2*k + 42 = 5*y + 7, 0 = -5*k - 3*y + 40. Calculate the remainder when k is divided by x(-6).
1
Let u be 6/9 - (-5)/(-3). Let r(c) = -2*c - 1. Let y be r(u). Calculate the remainder when -12*y*2/(-6) is divided by 2.
0
Suppose 0 = -2*h + 2*j, -7*j + 3*j + 18 = 2*h. Calculate the remainder when 9 is divided by h.
0
Suppose -2*x + 3*r + 12 = -0*x, 4*x = -r + 52. Let l(n) be the second derivative of 2*n**3/3 - n**2 + n. Calculate the remainder when l(6) is divided by x.
10
Let h be (-68)/(-18) - 18/(-81). Suppose -5*k + 21 + 12 = 2*b, -5*k - 111 = -h*b. What is the remainder when 93 is divided by b?
21
Let w = 3 + 15. Suppose 2*n - 2*h - 130 = 2*h, 4 = 2*h. What is the remainder when n is divided by w?
15
Let s = -160 + 40. Let q = s + 170. Calculate the remainder when q is divided by 17.
16
Let f = -3 - -5. Let u = 14 - f. What is the remainder when ((-966)/10)/(-3) - (-20)/25 is divided by u?
9
Let a = 574 - 330. Calculate the remainder when a is divided by 41.
39
Let s = -2 + 15. Calculate the remainder when ((0 - 0) + -25)*-1 is divided by s.
12
Suppose 1 = -0*a + a. Calculate the remainder when (4 + -4 - -17)/a is divided by 10.
7
Suppose -4*m = -5*m + 9. What is the remainder when m is divided by -4 - (4 - 8) - -5?
4
Let q(i) = i**2 - 2*i. Let n be 64/30 + 16/(-120). What is the remainder when (-4 + 0 + 10)/n is divided by q(3)?
0
Let x(p) = 2*p + 8. Calculate the remainder when 23 is divided by x(2).
11
Let g = 114 - 109. What is the remainder when 9 is divided by g?
4
Suppose -2*m + 68 + 0 = 0. Let g(d) = 2*d - 5*d - 6*d - 6 - d**2. Calculate the remainder when m is divided by g(-6).
10
Let h(n) = n + 2. Let z be h(0). Suppose z*c - 5*c + 15 = 0. What is the remainder when c is divided by 3?
2
Let f(a) = a**3 + a. Calculate the remainder when f(3) is divided by 8.
6
Suppose -9 = -0*u + u. Calculate the remainder when 57 is divided by 88/3 + 3/u.
28
What is the remainder when 136 is divided by (-4 - 2)/(-2) + (24 - -1)?
24
Suppose 5*o - 26 = -3*v, 2*o + 3*o = v - 22. Suppose 2*m - v = -a, 2*a - 22 = a - 4*m. What is the remainder when a is divided by 1?
0
Let y = 14 - 3. Suppose 23 = -4*f - 41. Calculate the remainder when f/6*(-30)/4 is divided by y.
9
Calculate the remainder when (1 - 325/(-10))*2 is divided by 23.
21
Let j(q) = -13*q. Let z be -3 + -2 + 1 + 2. Calculate the remainder when j(z) is divided by 7.
5
Let s be (3 - 2 - 1)/1. Let m(f) = -f**3 - f**2 + 28. Calculate the remainder when m(s) is divided by 15.
13
Let d(y) = y**2 + 8*y + 9. Let x = -4 - 4. What is the remainder when 15 is divided by d(x)?
6
Suppose 7 = -q + 1. Let b = 15 + q. Calculate the remainder when 26 is divided by b.
8
Let w be -3*3/(-9) - 5. Let y = w - -2. Calculate the remainder when 11 is divided by 1 - y - (0 - 1).
3
Let p(q) = -2*q**2 - 22*q - 28. Calculate the remainder when 69 is divided by p(-9).
5
What is the remainder when 6 is divided by 1/2 - (-21)/6?
2
Suppose 4*y + 5*m - 8 - 37 = 0, 0 = -y + 3*m + 7. Let t(p) = -2*p**2 - 2*p. Let c be t(-2). Let v = c + 23. Calculate the remainder when v is divided by y.
9
Suppose -3*n + 82 = -29. Suppose -3*g + 6 = 0, r - 10 = -5*g + 10. What is the remainder when n is divided by r?
7
Suppose 0 = 9*h - 8*h - 3. What is the remainder when 8 is divided by h?
2
Calculate the remainder when 42 is divided by (-204)/(-18) + 2/(-6).
9
Let s(z) = z + 14. What is the remainder when 160 is divided by s(9)?
22
Suppose -b + 2*c + 30 = -0*b, 3*c = -2*b + 39. Let p = b - -1. What is the remainder when p is divided by 7?
4
Let b(m) = -4*m. Suppose 0 = -2*h - h - 12. Let d = -51 - -81. Calculate the remainder when d is divided by b(h).
14
Suppose -40 = 26*u - 31*u. What is the remainder when 22 is divided by u?
6
Let p(g) = 2*g**2 + 6*g + 1. Let z be p(-4). Let j(v) = 11*v + 8. Calculate the remainder when j(z) is divided b